 Let w be (85/51)/(2/42). What is the greatest common factor of o and w?
7
Let x(s) = 19*s**3 - 185*s**2 - 22*s + 18. Let n be x(11). Calculate the greatest common divisor of 120 and n.
40
Let s = 77 + -77. Suppose s = 8*v + 21 - 37. Let f be 37 + 4/v + (-3 - -6). What is the highest common factor of f and 56?
14
Let o be 28 + ((-4)/(-3))/((-24)/(-36)). Suppose m = 2*m. Suppose -19 = -3*l + 2*u, 5*l + m = -2*u + 5. What is the highest common divisor of l and o?
3
Let c be (-10)/(-3 - (2 - -3)/(-10)). Suppose 8*i - 10*i = -8, -c*b + 724 = -5*i. What is the highest common divisor of b and 124?
62
Let l(t) = t**3 - 40*t**2 + 339*t - 68. Let n be l(28). Let s be (-4)/14 - (-804)/21. Let x = s - n. Calculate the greatest common factor of 176 and x.
22
Let f(i) = 4*i + 49. Let p be f(-11). Suppose 4*o - 30 = -2*t, -5*t + 6*t = p*o - 6. Calculate the highest common factor of t and 99.
9
Let d be (-4)/(-14) + 117/7. Let b = -467 + 484. Suppose 19*z - 591 = -5*p + b*z, -3*p + 4*z + 365 = 0. What is the highest common divisor of d and p?
17
Let j(y) = 21*y + 60. Let l be j(4). Let p(z) = z**2 + 2*z + 3. Let c be p(-2). Let x = 6 + c. Calculate the greatest common divisor of l and x.
9
Let g(h) = 519*h - 405. Let z be g(1). What is the highest common factor of z and 285?
57
Suppose -d - 792 = -5*v, 0*v + 478 = 3*v - 2*d. Suppose v = 4*x + 18. Let u = -11 + 18. Calculate the greatest common divisor of u and x.
7
Let i(d) = -d**2 + 6*d + 47. Suppose 15*c - 9*c - 150 = 0. Let z be i(c). Let m = -284 - z. What is the highest common divisor of m and 16?
16
Let s = -2158 + 1522. Let p = 1061 + s. Calculate the greatest common factor of p and 50.
25
Let r be 8 - ((-8)/(-36) - (-1280)/(-9)). What is the greatest common divisor of r and 650?
50
Let t(z) = z**3 - z**2 + 760. Let w be t(0). Let i be (-1)/(-3) - (w/(-6) + -3). Let f = i - 88. What is the highest common factor of f and 63?
21
Suppose -3*h - 880 = -11*h. Suppose 5*j = -2*z + 101, -3*z - 5*j + 39 = -h. Suppose z = -13*q + 17*q. Calculate the highest common factor of 60 and q.
12
Let n(g) = 4*g. Let t(a) = -7*a - 7. Let h be t(-3). Let z be n(h). Suppose -p + 71 = 2*u + 2*p, 2*u - 2*p = 46. What is the highest common factor of u and z?
28
Suppose -l - 445 = 4*z, -3*z - 327 = l + 2*l. Let p = 131 - z. Suppose -27 = r - 2*r. What is the highest common factor of r and p?
27
Let z = -86 + 88. Suppose 0 = -r + 4*y - z*y - 9, 0 = 2*r - 2*y + 8. Let p(x) = -x**2 + 17*x - 33. Let a be p(14). What is the highest common factor of a and r?
1
Let p = 12573 + -12342. What is the greatest common divisor of p and 3036?
33
Let x be (-1)/3 + (-1820)/(-42). Let q be (0 + 1)/((-3 + 0)/(-258)). What is the greatest common factor of q and x?
43
Suppose 5*z + 689 - 2043 = -3*s, -3*s - 6 = 0. Let t be ((0 - 2) + 53)*(-3)/(-9). What is the highest common factor of z and t?
17
Let p(y) = 7*y**2 + 3*y - 4. Let a be p(6). Suppose 851 = f + 2*g + 821, -16 = 4*g. Calculate the greatest common factor of a and f.
38
Suppose a - 1065 = -5*n - 1089, -a + 4*n + 48 = 0. Suppose 55 = 5*m + 5*h, m - 2*m - 3*h + 21 = 0. Calculate the highest common divisor of a and m.
2
Let a be (251 - 1)*(1 + (-1 - -1)). Suppose 89*p = 81*p + 800. What is the greatest common factor of a and p?
50
Let p be (-4)/14 + 300/21. Suppose 3 = -j + p. Let c be 3/(((-8)/40)/((-132)/20)). Calculate the greatest common divisor of c and j.
11
Suppose -3*r + 107 = -97. Suppose 0 = -5*s + 2*l + 15, -2*l + l = -s + 3. Suppose 0 = 2*p - s*p + 170. What is the highest common factor of r and p?
34
Suppose -30*l - 60768 = -46*l. What is the highest common factor of 9 and l?
9
Suppose -37 = -6*o + 29. Suppose 10 = o*k - 6*k. Suppose 0 = 9*a + k*a - 88. Calculate the greatest common divisor of 12 and a.
4
Let w = 48 + -15. Suppose -w + 21 = -3*c. Let t be (3/(-6))/(c/(-896)). Calculate the greatest common factor of t and 14.
14
Let t(i) = 72*i + 487. Let j be t(4). Calculate the highest common divisor of j and 1705.
155
Let l(i) = 51*i**3 + i**2 + 3*i - 3. Let g be l(1). Let t(w) = w**3 + 8*w**2 - 1. Let c be t(-8). Let p = 14 + c. What is the highest common factor of p and g?
13
Suppose 0 = -33*k + 29*k + 4*u + 56, 68 = 4*k - u. Suppose -2*x - 2*n - 2*n = -20, -5*n = 2*x - k. Calculate the highest common factor of 2 and x.
2
Let s be ((-72)/(-42))/(2/28). Suppose 8*q - s = 7*q. Let b = 198 + -126. Calculate the highest common divisor of q and b.
24
Let y(h) = 834*h**3 + 17*h**2 - 44*h + 4. Let x be y(2). Calculate the highest common divisor of x and 572.
52
Let h = 8856 + -8822. Calculate the highest common divisor of h and 2261.
17
Let u(k) = -k**3 + 4*k**2 + 13*k - 43. Let j be u(4). Calculate the greatest common factor of 6957 and j.
9
Suppose -25 = -2*j + 5*b, 29*b - 130 = -5*j + 28*b. Calculate the greatest common divisor of j and 1775.
25
Let b(m) = m**3 - 19*m**2 + 5*m - 31. Let h be b(19). Let k be 8/((-6)/(-30 - 6)). What is the greatest common factor of k and h?
16
Let t(k) be the first derivative of -21*k**2/2 - 66*k + 109. Let o be t(-4). What is the greatest common factor of 162 and o?
18
Let r(d) = 67*d - 1. Let q be r(1). Suppose -b + 57 = 32*s - 29*s, -3*b = -9. What is the highest common factor of q and s?
6
Let q(b) = b**3 - 17*b**2 - b - 19. Let j be q(14). Let f = -417 - j. What is the highest common factor of f and 12?
12
Let z(k) = 9*k + 630. Let d be z(43). What is the greatest common factor of d and 9?
9
Let t = 384 - 379. Suppose 3*h - y = 117, 10*y = 5*h + t*y - 185. What is the greatest common factor of h and 680?
40
Let l be ((-1007)/(-8) + 816/2176)/(1/12). Calculate the highest common divisor of 165 and l.
15
Let t(v) = -5*v**2 + 54*v + 1. Let r be t(13). Let y = r + 252. What is the highest common factor of 22 and y?
22
Let c(y) = 22*y**2 + 3*y - 3. Let q be c(3). What is the greatest common factor of 561 and q?
51
Let m(z) = -z**3 - 36*z**2 + 55*z - 78. Let w be m(-38). Suppose 50*f = 58*f - w. What is the greatest common divisor of f and 36?
18
Let w(q) = 4*q - 4. Let j be w(1). Let f(b) = -b**2 + 15*b + 49. Let h be f(j). Calculate the greatest common factor of h and 35.
7
Suppose 6*b = -13*b + 30*b - 10384. What is the greatest common divisor of 272 and b?
16
Suppose -49 = -139*b + 138*b. Suppose 32 + 80 = 4*y. Calculate the highest common factor of b and y.
7
Suppose 114 = 8*s + 42. Let p be (2 + -3)/((-3)/s). Suppose 5*z - 4*n - 364 = 0, -p*n - 361 = -5*z - 2*n. Calculate the greatest common divisor of 18 and z.
18
Let o be ((-84)/(-70))/((27/(-30))/3). Let m be (o + 12/8)*1160/(-50). What is the highest common divisor of 203 and m?
29
Let m be (-1)/1 - -1 - -2. Let k be (-2)/1 + m + 8. Let b = -89604 - -89708. Calculate the highest common factor of k and b.
8
Let r(j) = 50*j + 3. Let y be r(7). Let z = y - -481. Suppose 2*l - z = -4*w, 0*w = -2*w - 4*l + 408. Calculate the highest common factor of 42 and w.
42
Suppose 2*i + 8 = 0, 3*b + 7*i - 6*i = 221. Let n = -19 - -34. Calculate the greatest common divisor of n and b.
15
Let z(p) = 9*p**3 + 80*p**2 - 7*p + 60. Let n be z(-9). What is the highest common factor of n and 498?
6
Let u = -19 - -21. Suppose 55 - 5 = u*d. Suppose 2*w - 3*k - d = -6, -3*w + 21 = -3*k. What is the greatest common divisor of 1 and w?
1
Suppose -30*o + 915 = -12775 + 130. What is the highest common factor of o and 36?
4
Let w(q) = -q + 4. Let k = 20 + -28. Let x be w(k). Suppose -3*p + x = 3*p. What is the highest common divisor of 5 and p?
1
Let t(l) = -11*l + 2. Let s(o) = -o**3 + o**2 - o + 2. Let q be s(0). Let v be -4 - -2*1/q. Let h be t(v). Calculate the highest common divisor of 14 and h.
7
Let o be 224/(-3*2/(-24)). Let d = o + -246. Calculate the highest common factor of d and 26.
26
Let n be 27/3 + 6 + -12 - -1804. Calculate the greatest common factor of n and 13.
13
Let a(z) = 171*z**2 + 11*z - 61. Let n be a(-18). What is the greatest common factor of n and 205?
205
Suppose 0 = -2*w + 8, q - 30 = -4*w + 358. Suppose -62*g - 3*a = -60*g - q, -2*g + 340 = -5*a. What is the greatest common factor of g and 270?
90
Suppose -192*m - 1925 = -247*m. What is the highest common divisor of m and 2555?
35
Let g be 1 + 20/2 + 1. Suppose 2*j - n - 37 + g = 0, -3*n = 4*j - 25. Suppose -4*l - 1 = 11, 0 = -t - 5*